Dec 01 18:34:54.202 INFO testing egeromin/wellington against master#8940af3cea4a9a9deabcaf843b2f8cad9a83fc61 for beta-1.31-5
Dec 01 18:34:54.202 INFO running `"docker" "create" "-v" "/mnt/big/crater/work/local/target-dirs/beta-1.31-5/worker-3/master#8940af3cea4a9a9deabcaf843b2f8cad9a83fc61:/target:rw,Z" "-v" "/mnt/big/crater/work/local/test-source/worker-3/beta-1.31-5/master#8940af3cea4a9a9deabcaf843b2f8cad9a83fc61:/source:ro,Z" "-v" "/mnt/big/crater/work/local/cargo-home:/cargo-home:ro,Z" "-v" "/mnt/big/crater/work/local/rustup-home:/rustup-home:ro,Z" "-e" "USER_ID=1000" "-e" "SOURCE_DIR=/source" "-e" "USER_ID=1000" "-e" "CMD=cargo +8940af3cea4a9a9deabcaf843b2f8cad9a83fc61-alt build --frozen" "-e" "CARGO_TARGET_DIR=/target" "-e" "CARGO_INCREMENTAL=0" "-e" "RUST_BACKTRACE=full" "-e" "RUSTFLAGS=--cap-lints=warn" "-e" "CARGO_HOME=/cargo-home" "-e" "RUSTUP_HOME=/rustup-home" "-m" "1536M" "--network" "none" "crater"`
Dec 01 18:34:54.576 INFO [stdout] 00af971f5e64c793e31b075072ad0c4e7e43c1c0a15d0a1e72dd729976f66434
Dec 01 18:34:54.579 INFO running `"docker" "start" "-a" "00af971f5e64c793e31b075072ad0c4e7e43c1c0a15d0a1e72dd729976f66434"`
Dec 01 18:34:55.903 INFO [stderr] usermod: no changes
Dec 01 18:34:56.196 INFO [stderr]    Compiling csv-core v0.1.4
Dec 01 18:34:56.196 INFO [stderr]    Compiling url_serde v0.2.0
Dec 01 18:34:56.211 INFO [stderr]    Compiling handlebars v1.0.4
Dec 01 18:34:59.119 INFO [stderr]    Compiling csv v1.0.1
Dec 01 18:35:11.965 INFO [stderr]    Compiling wellington v0.0.1 (/source)
Dec 01 18:35:23.343 INFO [stderr]     Finished dev [unoptimized + debuginfo] target(s) in 27.41s
Dec 01 18:35:23.349 INFO [stderr] su: No module specific data is present
Dec 01 18:35:23.763 INFO running `"docker" "inspect" "00af971f5e64c793e31b075072ad0c4e7e43c1c0a15d0a1e72dd729976f66434"`
Dec 01 18:35:23.935 INFO running `"docker" "rm" "-f" "00af971f5e64c793e31b075072ad0c4e7e43c1c0a15d0a1e72dd729976f66434"`
Dec 01 18:35:24.086 INFO [stdout] 00af971f5e64c793e31b075072ad0c4e7e43c1c0a15d0a1e72dd729976f66434
Dec 01 18:35:24.088 INFO running `"docker" "create" "-v" "/mnt/big/crater/work/local/target-dirs/beta-1.31-5/worker-3/master#8940af3cea4a9a9deabcaf843b2f8cad9a83fc61:/target:rw,Z" "-v" "/mnt/big/crater/work/local/test-source/worker-3/beta-1.31-5/master#8940af3cea4a9a9deabcaf843b2f8cad9a83fc61:/source:ro,Z" "-v" "/mnt/big/crater/work/local/cargo-home:/cargo-home:ro,Z" "-v" "/mnt/big/crater/work/local/rustup-home:/rustup-home:ro,Z" "-e" "USER_ID=1000" "-e" "SOURCE_DIR=/source" "-e" "USER_ID=1000" "-e" "CMD=cargo +8940af3cea4a9a9deabcaf843b2f8cad9a83fc61-alt test --frozen --no-run" "-e" "CARGO_TARGET_DIR=/target" "-e" "CARGO_INCREMENTAL=0" "-e" "RUST_BACKTRACE=full" "-e" "RUSTFLAGS=--cap-lints=warn" "-e" "CARGO_HOME=/cargo-home" "-e" "RUSTUP_HOME=/rustup-home" "-m" "1536M" "--network" "none" "crater"`
Dec 01 18:35:24.404 INFO [stdout] 7ed3b5966a1d990657821d157b5a6562fa719cab462759fbbbd119aaa0989782
Dec 01 18:35:24.406 INFO running `"docker" "start" "-a" "7ed3b5966a1d990657821d157b5a6562fa719cab462759fbbbd119aaa0989782"`
Dec 01 18:35:25.134 INFO [stderr] usermod: no changes
Dec 01 18:35:25.263 INFO [stderr]    Compiling wellington v0.0.1 (/source)
Dec 01 18:35:31.915 INFO [stderr]     Finished dev [unoptimized + debuginfo] target(s) in 6.75s
Dec 01 18:35:31.924 INFO [stderr] su: No module specific data is present
Dec 01 18:35:32.142 INFO running `"docker" "inspect" "7ed3b5966a1d990657821d157b5a6562fa719cab462759fbbbd119aaa0989782"`
Dec 01 18:35:32.206 INFO running `"docker" "rm" "-f" "7ed3b5966a1d990657821d157b5a6562fa719cab462759fbbbd119aaa0989782"`
Dec 01 18:35:32.289 INFO [stdout] 7ed3b5966a1d990657821d157b5a6562fa719cab462759fbbbd119aaa0989782
Dec 01 18:35:32.292 INFO running `"docker" "create" "-v" "/mnt/big/crater/work/local/target-dirs/beta-1.31-5/worker-3/master#8940af3cea4a9a9deabcaf843b2f8cad9a83fc61:/target:rw,Z" "-v" "/mnt/big/crater/work/local/test-source/worker-3/beta-1.31-5/master#8940af3cea4a9a9deabcaf843b2f8cad9a83fc61:/source:ro,Z" "-v" "/mnt/big/crater/work/local/cargo-home:/cargo-home:ro,Z" "-v" "/mnt/big/crater/work/local/rustup-home:/rustup-home:ro,Z" "-e" "USER_ID=1000" "-e" "SOURCE_DIR=/source" "-e" "USER_ID=1000" "-e" "CMD=cargo +8940af3cea4a9a9deabcaf843b2f8cad9a83fc61-alt test --frozen" "-e" "CARGO_TARGET_DIR=/target" "-e" "CARGO_INCREMENTAL=0" "-e" "RUST_BACKTRACE=full" "-e" "RUSTFLAGS=--cap-lints=warn" "-e" "CARGO_HOME=/cargo-home" "-e" "RUSTUP_HOME=/rustup-home" "-m" "1536M" "--network" "none" "crater"`
Dec 01 18:35:32.455 INFO [stdout] dfc1ab2d1c2d382fb83d9d9e3e124e32ec146ab2479d84601c48fca383fefd55
Dec 01 18:35:32.460 INFO running `"docker" "start" "-a" "dfc1ab2d1c2d382fb83d9d9e3e124e32ec146ab2479d84601c48fca383fefd55"`
Dec 01 18:35:32.834 INFO [stderr] usermod: no changes
Dec 01 18:35:32.921 INFO [stderr]     Finished dev [unoptimized + debuginfo] target(s) in 0.07s
Dec 01 18:35:32.927 INFO [stderr]      Running /target/debug/deps/wellington-0d4a86c8f42403fd
Dec 01 18:35:32.928 INFO [stdout] 
Dec 01 18:35:32.928 INFO [stdout] running 19 tests
Dec 01 18:35:32.935 INFO [stdout] test parser::tests::can_rewrite_links ... ok
Dec 01 18:35:32.936 INFO [stdout] test parser::tests::check_fail_nested_code_sidenote ... ok
Dec 01 18:35:32.940 INFO [stdout] test rss::test::can_set ... ok
Dec 01 18:35:32.940 INFO [stdout] test parser::tests::check_absolute_links ... ok
Dec 01 18:35:32.942 INFO [stdout] test parser::tests::check_multi_line_sidenotes ... ok
Dec 01 18:35:32.947 INFO [stdout] test parser::tests::can_parse_image ... ok
Dec 01 18:35:32.947 INFO [stdout] test parser::tests::can_get_title ... ok
Dec 01 18:35:32.947 INFO [stdout] test parser::tests::check_catch_sidenote_errors ... ok
Dec 01 18:35:32.947 INFO [stdout] test parser::tests::check_nested_sidenote_code ... ok
Dec 01 18:35:32.950 INFO [stdout] test parser::tests::check_to_markdown ... ok
Dec 01 18:35:32.950 INFO [stdout] test toc::tests::can_compute_input_output_filename ... ok
Dec 01 18:35:32.958 INFO [stdout] test sidenotes::tests::can_parse_remaining ... ok
Dec 01 18:35:32.958 INFO [stdout] test sidenotes::tests::can_get_first_sidenote ... ok
Dec 01 18:35:32.958 INFO [stdout] test sidenotes::tests::can_use_regex ... ok
Dec 01 18:35:32.958 INFO [stdout] test toc::tests::render_index ... ok
Dec 01 18:35:32.960 INFO [stdout] test toc::tests::can_update ... ok
Dec 01 18:35:32.965 INFO [stdout] test templates::tests::make_without_error ... ok
Dec 01 18:35:32.985 INFO [stdout] test toc::tests::write_read_index ... ok
Dec 01 18:35:33.019 INFO [stdout] test toc::tests::can_list_dirs ... FAILED
Dec 01 18:35:33.019 INFO [stdout] 
Dec 01 18:35:33.019 INFO [stdout] failures:
Dec 01 18:35:33.019 INFO [stdout] 
Dec 01 18:35:33.019 INFO [stdout] ---- toc::tests::can_list_dirs stdout ----
Dec 01 18:35:33.019 INFO [stdout] thread 'toc::tests::can_list_dirs' panicked at 'assertion failed: `(left == right)`
Dec 01 18:35:33.019 INFO [stdout]   left: `["krasnoyarsk", "yekaterinburg", "irkutsk"]`,
Dec 01 18:35:33.019 INFO [stdout]  right: `["irkutsk", "krasnoyarsk", "yekaterinburg"]`', src/toc.rs:569:9
Dec 01 18:35:33.019 INFO [stdout] stack backtrace:
Dec 01 18:35:33.019 INFO [stdout]    0:     0x55e3dac6034f - std::sys::unix::backtrace::tracing::imp::unwind_backtrace::h3a8b83e1922cbdde
Dec 01 18:35:33.019 INFO [stdout]                                at libstd/sys/unix/backtrace/tracing/gcc_s.rs:49
Dec 01 18:35:33.019 INFO [stdout]    1:     0x55e3dac69487 - std::sys_common::backtrace::print::h00d3155a29b4020f
Dec 01 18:35:33.020 INFO [stdout]                                at libstd/sys_common/backtrace.rs:71
Dec 01 18:35:33.020 INFO [stdout]                                at libstd/sys_common/backtrace.rs:59
Dec 01 18:35:33.020 INFO [stdout]    2:     0x55e3dac6409f - std::panicking::default_hook::{{closure}}::hd7465c742e79e1bb
Dec 01 18:35:33.020 INFO [stdout]                                at libstd/panicking.rs:211
Dec 01 18:35:33.020 INFO [stdout]    3:     0x55e3dac63d9e - std::panicking::default_hook::h9e3966f2aa2a6e12
Dec 01 18:35:33.020 INFO [stdout]                                at libstd/panicking.rs:221
Dec 01 18:35:33.020 INFO [stdout]    4:     0x55e3dac6477e - std::panicking::rust_panic_with_hook::h587f091ae747d080
Dec 01 18:35:33.020 INFO [stdout]                                at libstd/panicking.rs:476
Dec 01 18:35:33.020 INFO [stdout]    5:     0x55e3dac64321 - std::panicking::continue_panic_fmt::hb3a4fdede87f43a8
Dec 01 18:35:33.020 INFO [stdout]                                at libstd/panicking.rs:390
Dec 01 18:35:33.020 INFO [stdout]    6:     0x55e3dac6426e - std::panicking::begin_panic_fmt::h387afc7da9a10555
Dec 01 18:35:33.020 INFO [stdout]                                at libstd/panicking.rs:345
Dec 01 18:35:33.020 INFO [stdout]    7:     0x55e3da7667b9 - wellington::toc::tests::can_list_dirs::h2ef65feca52780b7
Dec 01 18:35:33.020 INFO [stdout]                                at src/toc.rs:569
Dec 01 18:35:33.020 INFO [stdout]    8:     0x55e3da7664d9 - wellington::toc::tests::can_list_dirs::{{closure}}::h43f4375bdf49335e
Dec 01 18:35:33.020 INFO [stdout]                                at src/toc.rs:558
Dec 01 18:35:33.020 INFO [stdout]    9:     0x55e3da71f97d - core::ops::function::FnOnce::call_once::h9ab795950a4f5c2d
Dec 01 18:35:33.020 INFO [stdout]                                at libcore/ops/function.rs:238
Dec 01 18:35:33.020 INFO [stdout]   10:     0x55e3da76a88e - <F as alloc::boxed::FnBox<A>>::call_box::hac903f91577a156c
Dec 01 18:35:33.020 INFO [stdout]                                at libtest/lib.rs:1468
Dec 01 18:35:33.020 INFO [stdout]                                at libcore/ops/function.rs:238
Dec 01 18:35:33.020 INFO [stdout]                                at liballoc/boxed.rs:672
Dec 01 18:35:33.020 INFO [stdout]   11:     0x55e3dac74439 - __rust_maybe_catch_panic
Dec 01 18:35:33.020 INFO [stdout]                                at libpanic_unwind/lib.rs:102
Dec 01 18:35:33.020 INFO [stdout]   12:     0x55e3da78c4e2 - std::sys_common::backtrace::__rust_begin_short_backtrace::hb8f0d0309526c184
Dec 01 18:35:33.020 INFO [stdout]                                at libstd/panicking.rs:289
Dec 01 18:35:33.020 INFO [stdout]                                at libstd/panic.rs:392
Dec 01 18:35:33.020 INFO [stdout]                                at libtest/lib.rs:1423
Dec 01 18:35:33.020 INFO [stdout]                                at libstd/sys_common/backtrace.rs:136
Dec 01 18:35:33.020 INFO [stdout]   13:     0x55e3da78cf94 - std::panicking::try::do_call::hc2f7c8b9a348d8db
Dec 01 18:35:33.020 INFO [stdout]                                at libstd/thread/mod.rs:409
Dec 01 18:35:33.020 INFO [stdout]                                at libstd/panic.rs:313
Dec 01 18:35:33.020 INFO [stdout]                                at libstd/panicking.rs:310
Dec 01 18:35:33.020 INFO [stdout]   14:     0x55e3dac74439 - __rust_maybe_catch_panic
Dec 01 18:35:33.020 INFO [stdout]                                at libpanic_unwind/lib.rs:102
Dec 01 18:35:33.020 INFO [stdout]   15:     0x55e3da77a1cc - <F as alloc::boxed::FnBox<A>>::call_box::h6bfded618e480b32
Dec 01 18:35:33.020 INFO [stdout]                                at libstd/panicking.rs:289
Dec 01 18:35:33.020 INFO [stdout]                                at libstd/panic.rs:392
Dec 01 18:35:33.020 INFO [stdout]                                at libstd/thread/mod.rs:408
Dec 01 18:35:33.020 INFO [stdout]                                at liballoc/boxed.rs:672
Dec 01 18:35:33.020 INFO [stdout]   16:     0x55e3dac61f8d - std::sys_common::thread::start_thread::h4c28257d67cdf9cb
Dec 01 18:35:33.020 INFO [stdout]                                at liballoc/boxed.rs:682
Dec 01 18:35:33.020 INFO [stdout]                                at libstd/sys_common/thread.rs:24
Dec 01 18:35:33.020 INFO [stdout]   17:     0x55e3dac56135 - std::sys::unix::thread::Thread::new::thread_start::hfecb2e7eff8fd34f
Dec 01 18:35:33.020 INFO [stdout]                                at libstd/sys/unix/thread.rs:90
Dec 01 18:35:33.020 INFO [stdout]   18:     0x7f51e4ec86b9 - start_thread
Dec 01 18:35:33.020 INFO [stdout]   19:     0x7f51e49e841c - clone
Dec 01 18:35:33.020 INFO [stdout]   20:                0x0 - <unknown>
Dec 01 18:35:33.020 INFO [stdout] 
Dec 01 18:35:33.020 INFO [stdout] 
Dec 01 18:35:33.020 INFO [stdout] failures:
Dec 01 18:35:33.020 INFO [stdout]     toc::tests::can_list_dirs
Dec 01 18:35:33.020 INFO [stdout] 
Dec 01 18:35:33.020 INFO [stdout] test result: FAILED. 18 passed; 1 failed; 0 ignored; 0 measured; 0 filtered out
Dec 01 18:35:33.020 INFO [stdout] 
Dec 01 18:35:33.022 INFO [stderr] error: test failed, to rerun pass '--lib'
Dec 01 18:35:33.024 INFO [stderr] su: No module specific data is present
Dec 01 18:35:33.379 INFO running `"docker" "inspect" "dfc1ab2d1c2d382fb83d9d9e3e124e32ec146ab2479d84601c48fca383fefd55"`
Dec 01 18:35:33.540 INFO running `"docker" "rm" "-f" "dfc1ab2d1c2d382fb83d9d9e3e124e32ec146ab2479d84601c48fca383fefd55"`
Dec 01 18:35:33.725 INFO [stdout] dfc1ab2d1c2d382fb83d9d9e3e124e32ec146ab2479d84601c48fca383fefd55
